{"id":11,"date":"2023-04-27T09:01:00","date_gmt":"2023-04-27T07:01:00","guid":{"rendered":"http:\/\/localhost\/?page_id=11"},"modified":"2023-06-10T18:22:11","modified_gmt":"2023-06-10T16:22:11","slug":"reference","status":"publish","type":"page","link":"https:\/\/zp-group.cz\/index.php\/reference\/","title":{"rendered":"Reference"},"content":{"rendered":"<h2>Reference firem<\/h2>\n<ul>\n<li>VESUVIUS \u010cESK\u00c1 REPUBLIKA, a.s.<\/li>\n<li>Lexona s.r.o.<\/li>\n<li>Arbo s.r.o.<\/li>\n<li>Vsign s.r.o.<\/li>\n<li>Autoset Centrum T\u0159inec, s.r.o<\/li>\n<li>Autodoprava Borski<\/li>\n<li>Turo\u0148 Lubom\u00edr<\/li>\n<li>Gultio CZ s.r.o.<\/li>\n<li>Kern s.r.o.<\/li>\n<li>up brand activation s.r.o. Brno<\/li>\n<li>B+G ELEKTROMARKET, s.r.o<\/li>\n<li>Daechang SEAT s.r.o. T\u0159inec<\/li>\n<li>KOVONA SYST\u00c9M a.s.<\/li>\n<li>Stavorenol s.r.o.<\/li>\n<li>Kohut T\u0159inec a.s.<\/li>\n<li>Turpil.cz &#8211; Karel Turo\u0148<\/li>\n<li>CBS BLOK, spol. s.r.o.<\/li>\n<li>Dongwon CZ, s.r.o.<\/li>\n<li>Marlenka international s.r.o.<\/li>\n<li>Maxion Wheels Czech s.r.o.<\/li>\n<li>Baumann Springs s.r.o.<\/li>\n<li>Netis a.s.<\/li>\n<li>IAC Mo\u0161nov a.s.<\/li>\n<li>Vitality Slezsko s.r.o. Vendryn\u011b<\/li>\n<li>Cieslar s.r.o. Byst\u0159ice &#8211; stavebn\u00ed firma<\/li>\n<li>Carero s.r.o.<\/li>\n<li>Walmark a.s.<\/li>\n<\/ul>\n<p>a mnoho jin\u00fdch spokojen\u00fdch, soukrom\u00fdch subjekt\u016f, kter\u00e9 zde ze zjevn\u00fdch d\u016fvod\u016f neprezentujeme &#8230;<\/p>\n","protected":false},"excerpt":{"rendered":"<p>Reference firem VESUVIUS \u010cESK\u00c1 REPUBLIKA, a.s. Lexona s.r.o. Arbo s.r.o. Vsign s.r.o. Autoset Centrum T\u0159inec, s.r.o Autodoprava Borski Turo\u0148 Lubom\u00edr Gultio CZ s.r.o. Kern s.r.o. up brand activation s.r.o. Brno B+G ELEKTROMARKET, s.r.o Daechang SEAT s.r.o. T\u0159inec KOVONA SYST\u00c9M a.s. Stavorenol s.r.o. Kohut T\u0159inec a.s. Turpil.cz &#8211; Karel Turo\u0148 CBS BLOK, spol. s.r.o. Dongwon CZ, [&hellip;]<\/p>\n","protected":false},"author":1,"featured_media":0,"parent":0,"menu_order":0,"comment_status":"closed","ping_status":"closed","template":"","meta":{"footnotes":""},"class_list":["post-11","page","type-page","status-publish","hentry","entry"],"_links":{"self":[{"href":"https:\/\/zp-group.cz\/index.php\/wp-json\/wp\/v2\/pages\/11","targetHints":{"allow":["GET"]}}],"collection":[{"href":"https:\/\/zp-group.cz\/index.php\/wp-json\/wp\/v2\/pages"}],"about":[{"href":"https:\/\/zp-group.cz\/index.php\/wp-json\/wp\/v2\/types\/page"}],"author":[{"embeddable":true,"href":"https:\/\/zp-group.cz\/index.php\/wp-json\/wp\/v2\/users\/1"}],"replies":[{"embeddable":true,"href":"https:\/\/zp-group.cz\/index.php\/wp-json\/wp\/v2\/comments?post=11"}],"version-history":[{"count":5,"href":"https:\/\/zp-group.cz\/index.php\/wp-json\/wp\/v2\/pages\/11\/revisions"}],"predecessor-version":[{"id":431,"href":"https:\/\/zp-group.cz\/index.php\/wp-json\/wp\/v2\/pages\/11\/revisions\/431"}],"wp:attachment":[{"href":"https:\/\/zp-group.cz\/index.php\/wp-json\/wp\/v2\/media?parent=11"}],"curies":[{"name":"wp","href":"https:\/\/api.w.org\/{rel}","templated":true}]}}