{"id":48,"date":"2023-04-27T10:11:57","date_gmt":"2023-04-27T08:11:57","guid":{"rendered":"http:\/\/localhost\/?page_id=48"},"modified":"2023-07-23T08:59:19","modified_gmt":"2023-07-23T06:59:19","slug":"kontrola-prace-neschopnych","status":"publish","type":"page","link":"https:\/\/zp-group.cz\/index.php\/kontrola-prace-neschopnych\/","title":{"rendered":"Kontrola pr\u00e1ce neschopn\u00fdch"},"content":{"rendered":"<p>Hlavn\u00ed n\u00e1pln\u00ed na\u0161i firmy v oblasti poskytov\u00e1n\u00ed detektivn\u00edch slu\u017eeb je <strong>kontrola zam\u011bstnanc\u016f<\/strong>. Prov\u00e1d\u00edme pro velk\u00e9 i mal\u00e9 firmy.<\/p>\n<p>V sou\u010dasn\u00e9 dob\u011b, kdy je ka\u017ed\u00e1 firma zat\u011b\u017eov\u00e1na mnoha administrativn\u00edmi a jin\u00fdmi povinnostmi, je pro n\u00ed v\u00fdhodn\u00fd outsourcing \u010dinnost\u00ed, kter\u00e9 p\u0159\u00edmo nesouvis\u00ed s p\u0159edm\u011btem jej\u00edho p\u016fsoben\u00ed. P\u0159enechejte proto svou starost odborn\u00edk\u016fm, kte\u0159\u00ed se na kontrolu Va\u0161ich nemocn\u00fdch zam\u011bstnanc\u016f specializuj\u00ed! S n\u00e1mi budete m\u00edt o Va\u0161ich &#8220;nemocn\u00fdch&#8220; zam\u011bstnanc\u00edch p\u0159ehled a u\u017e jen psychologick\u00fd efekt toho, \u017ee budou kontrolov\u00e1ni V\u00e1m pom\u016f\u017ee u\u0161et\u0159it n\u00e1klady nejen na jejich nemocenskou, ale je vysoce pravd\u011bpodobn\u00e9, \u017ee ve Va\u0161\u00ed firm\u011b celkov\u00e1 nemocnost poklesne a t\u00edm se zv\u00fd\u0161\u00ed jak produktivita zam\u011bstnanc\u016f, tak i cel\u00e9 firmy.<\/p>\n<p>Tyto kontroly prov\u00e1d\u00edme u zam\u011bstnanc\u016f, kte\u0159\u00ed byli uzn\u00e1ni do\u010dasn\u011b pr\u00e1ce neschopn\u00fdmi, kdy tato kontrola v obdob\u00ed prvn\u00edch 14 dn\u016f je v\u00fdhradn\u011b z\u00e1le\u017eitost\u00ed zam\u011bstnavatel\u016f a t\u00edm i jejich z\u00e1jmem, nebo\u0165 v tomto obdob\u00ed budou nemocensk\u00e9 d\u00e1vky zaplaceny v\u00fdhradn\u011b zam\u011bstnavatelem.<\/p>\n<p>Tvo\u0159\u00edme t\u00fdm spolehliv\u00fdch pracovn\u00edk\u016f, kte\u0159\u00ed budou prov\u00e1d\u011bt tyto kontroly v ter\u00e9nu za V\u00e1s na \u00fazem\u00ed m\u011bsta T\u0159ince, Byst\u0159ice, N\u00fddku, Ropice, Vendryn\u011b \/ v\u0161ech b\u00fdval\u00fdch sp\u00e1dov\u00fdch oblast\u00ed \u2013 T\u0159inecka \/, Jablunkova, \u010cesk\u00e9ho T\u011b\u0161\u00edna a okol\u00ed. Na nov\u00fdch pobo\u010dk\u00e1ch na\u0161\u00ed firmy a t\u00edm i v\u011bt\u0161\u00ed teritori\u00e1ln\u00ed oblasti usilovn\u011b pracujeme.<\/p>\n<p>Statistiky hovo\u0159\u00ed o tom, \u017ee ze sta zam\u011bstnanc\u016f je m\u011bs\u00ed\u010dn\u011b 8 a\u017e 10 na pracovn\u00ed neschopnosti.<\/p>\n<p><strong>Co na to z\u00e1kon?<\/strong><\/p>\n<p>Kontroly jsou umo\u017en\u011bny z\u00e1konem o nemocensk\u00e9m poji\u0161t\u011bn\u00ed \u010d. 187\/2006 Sb., kter\u00fd nabyl \u00fa\u010dinnosti dne 1.1.2009 ve zn\u011bn\u00ed pozd\u011bj\u0161\u00edch novel. Dle ust. \u00a7 65 odst.2 p\u00edsm.c) citovan\u00e9ho z\u00e1kona, je zam\u011bstnavatel opr\u00e1vn\u011bn prov\u00e1d\u011bt kontroly, zda zam\u011bstnanec v obdob\u00ed prvn\u00edch 14 kalend\u00e1\u0159n\u00edch dn\u016f do\u010dasn\u00e9 pracovn\u00ed neschopnosti dodr\u017euje povinnosti stanoven\u00e9 v ust. \u00a7 56 odst. 2 p\u00edsm.b) tohoto z\u00e1kona.<\/p>\n<p>P\u016fsoben\u00ed kontroln\u00edch mechanism\u016f je \u00fa\u010dinn\u00fdm preventivn\u00edm prvkem \/nejen psychologick\u00fdm\/, kter\u00fd omezuje \u010dast\u00e9mu zneu\u017e\u00edv\u00e1n\u00ed pracovn\u00ed neschopnosti ze strany zam\u011bstnanc\u016f. T\u00edmto p\u016fsoben\u00edm na\u0161e firma V\u00e1m sn\u00ed\u017e\u00ed finan\u010dn\u00ed z\u00e1t\u011b\u017e na vypl\u00e1cen\u00ed nemocensk\u00fdch d\u00e1vek a z\u00e1rove\u0148 t\u00edm zv\u00fd\u0161\u00edme i produktivitu Va\u0161\u00ed firmy.<\/p>\n<p>Jedn\u00e1 se zejm\u00e9na o kontrolu zam\u011bstnanc\u016f, kte\u0159\u00ed zneu\u017e\u00edvaj\u00ed pracovn\u00ed neschopnost a jsou t\u00edm tedy i ne\u017e\u00e1douc\u00edm vzorem pro ostatn\u00ed zam\u011bstnance.<\/p>\n<p><strong>Na\u0161e slu\u017eby zahrnuj\u00ed zejm\u00e9na:<\/strong><\/p>\n<ul>\n<li>kontroly zam\u011bstnanc\u016f v dob\u011b pracovn\u00ed neschopnosti \u2013 jednor\u00e1zov\u00e9, opakovan\u00e9, pau\u0161\u00e1ln\u00ed a dle individu\u00e1ln\u00edch pot\u0159eb zam\u011bstnavatele<\/li>\n<li>vyhotoven\u00ed protokolu z m\u00edsta kontroly \/ datum, \u010das, m\u00edsto &#8230; \/<\/li>\n<li>vyhotoven\u00ed fotodokumentace \/ \u010d\u00edslo popisn\u00e9 vchodu, vstupn\u00ed dve\u0159e do bytu s vizitkou, m\u00edsto pro doru\u010den\u00ed po\u0161ty \/<\/li>\n<li>v p\u0159\u00edpad\u011b nep\u0159\u00edtomnosti u z\u00e1va\u017en\u00fdch p\u0159\u00edpad\u016f mo\u017enost zaji\u0161t\u011bn\u00ed nez\u00e1visl\u00e9ho sv\u011bdka kontroly<\/li>\n<\/ul>\n<p><strong>Po zam\u011bstnavateli po\u017eadujeme pouze nahl\u00e1sit:<\/strong><\/p>\n<ul>\n<li>za\u010d\u00e1tek a konec pracovn\u00ed neschopnosti nep\u0159es\u00e1hne-li 14 dn\u016f<\/li>\n<li>m\u00edsto nahl\u00e1\u0161en\u00ed pobytu v dob\u011b nemocensk\u00e9<\/li>\n<li>doba vych\u00e1zek v p\u0159\u00edpad\u011b, \u017ee jsou stanoveny<\/li>\n<li>doba kontroly je-li zn\u00e1m\u00e1<br \/>\njm\u00e9no, p\u0159\u00edjmen\u00ed a datum narozen\u00ed-bez rodn\u00e9ho \u010d\u00edsla \/ aby nedo\u0161lo k poru\u010den\u00ed z\u00e1konnosti \/<\/li>\n<li>podepsat n\u00e1mi zaslanou plnou moc k prov\u00e1d\u011bn\u00ed kontrol Va\u0161ich zam\u011bstnanc\u016f<\/li>\n<\/ul>\n<p>V\u00fd\u0161e uveden\u00e9 \u00fadaje je mo\u017eno podat telefonicky, e-mailovou po\u0161tou, nebo standardn\u00ed po\u0161tou. Po\u017eadovan\u00e9 informace budou n\u00e1sledn\u011b skartov\u00e1ny, aby tak bylo zamezeno p\u0159\u00edpadn\u00e9mu zneu\u017eit\u00ed.<\/p>\n","protected":false},"excerpt":{"rendered":"<p>Hlavn\u00ed n\u00e1pln\u00ed na\u0161i firmy v oblasti poskytov\u00e1n\u00ed detektivn\u00edch slu\u017eeb je kontrola zam\u011bstnanc\u016f. Prov\u00e1d\u00edme pro velk\u00e9 i mal\u00e9 firmy. V sou\u010dasn\u00e9 dob\u011b, kdy je ka\u017ed\u00e1 firma zat\u011b\u017eov\u00e1na mnoha administrativn\u00edmi a jin\u00fdmi povinnostmi, je pro n\u00ed v\u00fdhodn\u00fd outsourcing \u010dinnost\u00ed, kter\u00e9 p\u0159\u00edmo nesouvis\u00ed s p\u0159edm\u011btem jej\u00edho p\u016fsoben\u00ed. P\u0159enechejte proto svou starost odborn\u00edk\u016fm, kte\u0159\u00ed se na kontrolu Va\u0161ich nemocn\u00fdch [&hellip;]<\/p>\n","protected":false},"author":1,"featured_media":0,"parent":0,"menu_order":0,"comment_status":"closed","ping_status":"closed","template":"","meta":{"footnotes":""},"class_list":["post-48","page","type-page","status-publish","hentry","entry"],"_links":{"self":[{"href":"https:\/\/zp-group.cz\/index.php\/wp-json\/wp\/v2\/pages\/48","targetHints":{"allow":["GET"]}}],"collection":[{"href":"https:\/\/zp-group.cz\/index.php\/wp-json\/wp\/v2\/pages"}],"about":[{"href":"https:\/\/zp-group.cz\/index.php\/wp-json\/wp\/v2\/types\/page"}],"author":[{"embeddable":true,"href":"https:\/\/zp-group.cz\/index.php\/wp-json\/wp\/v2\/users\/1"}],"replies":[{"embeddable":true,"href":"https:\/\/zp-group.cz\/index.php\/wp-json\/wp\/v2\/comments?post=48"}],"version-history":[{"count":6,"href":"https:\/\/zp-group.cz\/index.php\/wp-json\/wp\/v2\/pages\/48\/revisions"}],"predecessor-version":[{"id":468,"href":"https:\/\/zp-group.cz\/index.php\/wp-json\/wp\/v2\/pages\/48\/revisions\/468"}],"wp:attachment":[{"href":"https:\/\/zp-group.cz\/index.php\/wp-json\/wp\/v2\/media?parent=48"}],"curies":[{"name":"wp","href":"https:\/\/api.w.org\/{rel}","templated":true}]}}